{"id":202,"date":"2019-09-13T06:32:58","date_gmt":"2019-09-13T06:32:58","guid":{"rendered":"http:\/\/energieausfall.de\/?page_id=202"},"modified":"2021-09-07T16:00:00","modified_gmt":"2021-09-07T16:00:00","slug":"impressum","status":"publish","type":"page","link":"https:\/\/energieausfall.de\/?page_id=202","title":{"rendered":"Impressum"},"content":{"rendered":"\n<h3 class=\"wp-block-heading\">Dienstanbieter gem. \u00a7 5 I Telemediengesetz (TMG):<\/h3>\n\n\n\n<p>Johannes de Visser <br>Neureuth 5<br> 94034 Passau<\/p>\n\n\n\n<p>E-mail: mail[at]energieausfall.de<\/p>\n\n\n\n<\/br>\n\n\n\n<h3 class=\"wp-block-heading\">Hinweis auf Unabh\u00e4ngigkeit<\/h3>\n\n\n\n<p>Diese Seite ist ein privates Projekt. Nachdem ich mich schon l\u00e4nger mit der Energiewende besch\u00e4ftigt habe, schreibe ich hier meine private Meinung nieder. <\/p>\n\n\n\n<p>Ich erhalte keinerlei Geld oder sonstige Zuwendungen\/Verg\u00fcnstigungen f\u00fcr den Betrieb dieser Seite. Ich arbeite nicht in der Energiebranche. <\/p>\n\n\n\n<p>Diese Seite dient auch nicht dazu, eine bestimmte Energieart zu f\u00f6rdern oder zu verdammen. Es geht nur darum, auf die Zusammenh\u00e4nge und Probleme im Zuge der geplanten Abschaffung von grundlastf\u00e4higen Kapazit\u00e4ten hinzuweisen. <\/p>\n\n\n\n<\/br>\n\n\n\n<h2 class=\"wp-block-heading\"><strong>Disclaimer<\/strong><\/h2>\n\n\n\n<p><strong>Haftung f\u00fcr Inhalte<\/strong><\/p>\n\n\n\n<p>Als Diensteanbieter sind wir gem\u00e4\u00df \u00a7 7 Abs.1 TMG f\u00fcr eigene Inhalte  auf diesen Seiten nach den allgemeinen Gesetzen verantwortlich. Nach \u00a7\u00a7 8  bis 10 TMG sind wir als Diensteanbieter jedoch nicht verpflichtet,  \u00fcbermittelte oder gespeicherte fremde Informationen zu \u00fcberwachen oder nach Umst\u00e4nden zu forschen, die auf eine rechtswidrige T\u00e4tigkeit  hinweisen.<\/p>\n\n\n\n<p>Verpflichtungen zur Entfernung oder Sperrung der Nutzung von Informationen nach den allgemeinen Gesetzen bleiben hiervon unber\u00fchrt.  Eine diesbez\u00fcgliche Haftung ist jedoch erst ab dem Zeitpunkt der  Kenntnis einer konkreten Rechtsverletzung m\u00f6glich. Bei Bekanntwerden von entsprechenden Rechtsverletzungen werden wir diese Inhalte umgehend  entfernen.<\/p>\n\n\n\n<p>Der Autor \u00fcbernimmt  keinerlei Gew\u00e4hr f\u00fcr die Aktualit\u00e4t, Korrektheit, Vollst\u00e4ndigkeit oder  Qualit\u00e4t der bereitgestellten Informationen. Haftungsanspr\u00fcche gegen den Autor, welche sich auf Sch\u00e4den materieller oder ideeller Art  beziehen, die durch die Nutzung oder Nichtnutzung der dargebotenen  Informationen bzw. durch die Nutzung fehlerhafter und unvollst\u00e4ndiger  Informationen verursacht wurden, sind grunds\u00e4tzlich ausgeschlossen,  sofern seitens des Autors kein nachweislich vors\u00e4tzliches oder grob fahrl\u00e4ssiges  Verschulden vorliegt. <br>Alle Angebote sind freibleibend und unverbindlich. Der Autor beh\u00e4lt  es sich ausdr\u00fccklich vor, Teile der Seiten oder das gesamte Angebot ohne gesonderte Ank\u00fcndigung zu  ver\u00e4ndern, zu erg\u00e4nzen, zu l\u00f6schen oder die Ver\u00f6ffentlichung zeitweise  oder endg\u00fcltig einzustellen. <\/p>\n\n\n\n<p><strong>Haftung f\u00fcr Links<\/strong><\/p>\n\n\n\n<p>Diese Website enth\u00e4lt Links zu externen Websites Dritter, auf deren Inhalte wir keinen Einfluss haben. Deshalb k\u00f6nnen wir f\u00fcr diese fremden  Inhalte auch keine Gew\u00e4hr \u00fcbernehmen. F\u00fcr die Inhalte der verlinkten  Seiten ist stets der jeweilige Anbieter oder Betreiber der Seiten  verantwortlich. Die verlinkten Seiten wurden zum Zeitpunkt der  Verlinkung auf m\u00f6gliche Rechtsverst\u00f6\u00dfe \u00fcberpr\u00fcft. Rechtswidrige Inhalte  waren zum Zeitpunkt der Verlinkung nicht erkennbar.<\/p>\n\n\n\n<p>Eine permanente inhaltliche Kontrolle der verlinkten Seiten ist \njedoch ohne konkrete Anhaltspunkte einer Rechtsverletzung nicht \nzumutbar. Bei Bekanntwerden von Rechtsverletzungen werden wir derartige \nLinks umgehend entfernen.<\/p>\n\n\n\n<p><strong>Urheberrecht<\/strong><\/p>\n\n\n\n<p>Die durch die Seitenbetreiber erstellten Inhalte und Werke auf diesen\n Seiten unterliegen dem deutschen Urheberrecht. Die Vervielf\u00e4ltigung, \nBearbeitung, Verbreitung und jede Art der Verwertung au\u00dferhalb der \nGrenzen des Urheberrechtes bed\u00fcrfen der schriftlichen Zustimmung des \njeweiligen Autors bzw. Erstellers. Downloads und Kopien dieser Seite \nsind nur f\u00fcr den privaten, nicht kommerziellen Gebrauch gestattet.<\/p>\n\n\n\n<p>Soweit die Inhalte auf dieser Seite nicht vom Betreiber erstellt  wurden, werden die Urheberrechte Dritter beachtet. Insbesondere werden  Inhalte Dritter als solche gekennzeichnet. Sollten Sie trotzdem auf eine  Urheberrechtsverletzung aufmerksam werden, bitten wir um einen  entsprechenden Hinweis. Bei Bekanntwerden von Rechtsverletzungen werden  wir derartige Inhalte umgehend entfernen.<\/p>\n\n\n\n<h2 class=\"wp-block-heading\">Keine Abmahnung ohne vorherigen Kontakt <\/h2>\n\n\n\n<p>Um die Kosten eines Rechtsstreits zu vermeiden, sollten Sie uns im Vorfeld bei unvollst\u00e4ndigen Angaben, wettbewerbsrechtlichen  Vorkommnissen oder \u00e4hnlichen Problemen auf dem Postwege kontaktieren.  Eine kostenpflichtige anwaltliche Abmahnung ohne diesen vorab Kontakt,  wird aus Sicht der Schadensminderungspflicht als unzul\u00e4ssig abgewiesen.<\/p>\n","protected":false},"excerpt":{"rendered":"<p>Dienstanbieter gem. \u00a7 5 I Telemediengesetz (TMG): Johannes de Visser Neureuth 5 94034 Passau E-mail: mail[at]energieausfall.de Hinweis auf Unabh\u00e4ngigkeit Diese Seite ist ein privates Projekt. Nachdem ich mich schon l\u00e4nger &#8230;<\/p>\n","protected":false},"author":1,"featured_media":0,"parent":0,"menu_order":0,"comment_status":"closed","ping_status":"closed","template":"","meta":{"_monsterinsights_skip_tracking":false,"_monsterinsights_sitenote_active":false,"_monsterinsights_sitenote_note":"","_monsterinsights_sitenote_category":0,"footnotes":""},"class_list":["post-202","page","type-page","status-publish","hentry"],"_links":{"self":[{"href":"https:\/\/energieausfall.de\/index.php?rest_route=\/wp\/v2\/pages\/202","targetHints":{"allow":["GET"]}}],"collection":[{"href":"https:\/\/energieausfall.de\/index.php?rest_route=\/wp\/v2\/pages"}],"about":[{"href":"https:\/\/energieausfall.de\/index.php?rest_route=\/wp\/v2\/types\/page"}],"author":[{"embeddable":true,"href":"https:\/\/energieausfall.de\/index.php?rest_route=\/wp\/v2\/users\/1"}],"replies":[{"embeddable":true,"href":"https:\/\/energieausfall.de\/index.php?rest_route=%2Fwp%2Fv2%2Fcomments&post=202"}],"version-history":[{"count":5,"href":"https:\/\/energieausfall.de\/index.php?rest_route=\/wp\/v2\/pages\/202\/revisions"}],"predecessor-version":[{"id":611,"href":"https:\/\/energieausfall.de\/index.php?rest_route=\/wp\/v2\/pages\/202\/revisions\/611"}],"wp:attachment":[{"href":"https:\/\/energieausfall.de\/index.php?rest_route=%2Fwp%2Fv2%2Fmedia&parent=202"}],"curies":[{"name":"wp","href":"https:\/\/api.w.org\/{rel}","templated":true}]}}

<h3 class="wp-block-heading">Dienstanbieter gem. § 5 I Telemediengesetz (TMG):</h3>



<p>Johannes de Visser <br>Neureuth 5<br> 94034 Passau</p>



<p>E-mail: mail[at]energieausfall.de</p>



</br>



<h3 class="wp-block-heading">Hinweis auf Unabhängigkeit</h3>



<p>Diese Seite ist ein privates Projekt. Nachdem ich mich schon länger mit der Energiewende beschäftigt habe, schreibe ich hier meine private Meinung nieder. </p>



<p>Ich erhalte keinerlei Geld oder sonstige Zuwendungen/Vergünstigungen für den Betrieb dieser Seite. Ich arbeite nicht in der Energiebranche. </p>



<p>Diese Seite dient auch nicht dazu, eine bestimmte Energieart zu fördern oder zu verdammen. Es geht nur darum, auf die Zusammenhänge und Probleme im Zuge der geplanten Abschaffung von grundlastfähigen Kapazitäten hinzuweisen. </p>



</br>



<h2 class="wp-block-heading"><strong>Disclaimer</strong></h2>



<p><strong>Haftung für Inhalte</strong></p>



<p>Als Diensteanbieter sind wir gemäß § 7 Abs.1 TMG für eigene Inhalte  auf diesen Seiten nach den allgemeinen Gesetzen verantwortlich. Nach §§ 8  bis 10 TMG sind wir als Diensteanbieter jedoch nicht verpflichtet,  übermittelte oder gespeicherte fremde Informationen zu überwachen oder nach Umständen zu forschen, die auf eine rechtswidrige Tätigkeit  hinweisen.</p>



<p>Verpflichtungen zur Entfernung oder Sperrung der Nutzung von Informationen nach den allgemeinen Gesetzen bleiben hiervon unberührt.  Eine diesbezügliche Haftung ist jedoch erst ab dem Zeitpunkt der  Kenntnis einer konkreten Rechtsverletzung möglich. Bei Bekanntwerden von entsprechenden Rechtsverletzungen werden wir diese Inhalte umgehend  entfernen.</p>



<p>Der Autor übernimmt  keinerlei Gewähr für die Aktualität, Korrektheit, Vollständigkeit oder  Qualität der bereitgestellten Informationen. Haftungsansprüche gegen den Autor, welche sich auf Schäden materieller oder ideeller Art  beziehen, die durch die Nutzung oder Nichtnutzung der dargebotenen  Informationen bzw. durch die Nutzung fehlerhafter und unvollständiger  Informationen verursacht wurden, sind grundsätzlich ausgeschlossen,  sofern seitens des Autors kein nachweislich vorsätzliches oder grob fahrlässiges  Verschulden vorliegt. <br>Alle Angebote sind freibleibend und unverbindlich. Der Autor behält  es sich ausdrücklich vor, Teile der Seiten oder das gesamte Angebot ohne gesonderte Ankündigung zu  verändern, zu ergänzen, zu löschen oder die Veröffentlichung zeitweise  oder endgültig einzustellen. </p>



<p><strong>Haftung für Links</strong></p>



<p>Diese Website enthält Links zu externen Websites Dritter, auf deren Inhalte wir keinen Einfluss haben. Deshalb können wir für diese fremden  Inhalte auch keine Gewähr übernehmen. Für die Inhalte der verlinkten  Seiten ist stets der jeweilige Anbieter oder Betreiber der Seiten  verantwortlich. Die verlinkten Seiten wurden zum Zeitpunkt der  Verlinkung auf mögliche Rechtsverstöße überprüft. Rechtswidrige Inhalte  waren zum Zeitpunkt der Verlinkung nicht erkennbar.</p>



<p>Eine permanente inhaltliche Kontrolle der verlinkten Seiten ist 
jedoch ohne konkrete Anhaltspunkte einer Rechtsverletzung nicht 
zumutbar. Bei Bekanntwerden von Rechtsverletzungen werden wir derartige 
Links umgehend entfernen.</p>



<p><strong>Urheberrecht</strong></p>



<p>Die durch die Seitenbetreiber erstellten Inhalte und Werke auf diesen
 Seiten unterliegen dem deutschen Urheberrecht. Die Vervielfältigung, 
Bearbeitung, Verbreitung und jede Art der Verwertung außerhalb der 
Grenzen des Urheberrechtes bedürfen der schriftlichen Zustimmung des 
jeweiligen Autors bzw. Erstellers. Downloads und Kopien dieser Seite 
sind nur für den privaten, nicht kommerziellen Gebrauch gestattet.</p>



<p>Soweit die Inhalte auf dieser Seite nicht vom Betreiber erstellt  wurden, werden die Urheberrechte Dritter beachtet. Insbesondere werden  Inhalte Dritter als solche gekennzeichnet. Sollten Sie trotzdem auf eine  Urheberrechtsverletzung aufmerksam werden, bitten wir um einen  entsprechenden Hinweis. Bei Bekanntwerden von Rechtsverletzungen werden  wir derartige Inhalte umgehend entfernen.</p>



<h2 class="wp-block-heading">Keine Abmahnung ohne vorherigen Kontakt </h2>



<p>Um die Kosten eines Rechtsstreits zu vermeiden, sollten Sie uns im Vorfeld bei unvollständigen Angaben, wettbewerbsrechtlichen  Vorkommnissen oder ähnlichen Problemen auf dem Postwege kontaktieren.  Eine kostenpflichtige anwaltliche Abmahnung ohne diesen vorab Kontakt,  wird aus Sicht der Schadensminderungspflicht als unzulässig abgewiesen.</p>

<p>Dienstanbieter gem. § 5 I Telemediengesetz (TMG): Johannes de Visser Neureuth 5 94034 Passau E-mail: mail[at]energieausfall.de Hinweis auf Unabhängigkeit Diese Seite ist ein privates Projekt. Nachdem ich mich schon länger &#8230;</p>
